 the remainder when 2164 is divided by 1610.
554
Calculate the remainder when 40839 is divided by 43.
32
What is the remainder when 67099 is divided by 13?
6
What is the remainder when 3599 is divided by 382?
161
Calculate the remainder when 139632 is divided by 45.
42
Calculate the remainder when 16203 is divided by 16145.
58
Calculate the remainder when 267734 is divided by 392.
390
What is the remainder when 5314 is divided by 5312?
2
Calculate the remainder when 6270 is divided by 6091.
179
Calculate the remainder when 30319 is divided by 114.
109
Calculate the remainder when 795092 is divided by 648.
644
What is the remainder when 66078 is divided by 112?
110
What is the remainder when 55617 is divided by 6?
3
Calculate the remainder when 1171 is divided by 410.
351
Calculate the remainder when 61439 is divided by 69.
29
What is the remainder when 38788 is divided by 38668?
120
What is the remainder when 8309 is divided by 1417?
1224
Calculate the remainder when 487628 is divided by 403.
401
What is the remainder when 40585 is divided by 1456?
1273
Calculate the remainder when 135815 is divided by 85.
70
Calculate the remainder when 17667 is divided by 93.
90
What is the remainder when 993 is divided by 165?
3
What is the remainder when 1588 is divided by 522?
22
Calculate the remainder when 236751 is divided by 1016.
23
What is the remainder when 1189187 is divided by 468?
467
What is the remainder when 6728 is divided by 1549?
532
Calculate the remainder when 80010 is divided by 3468.
246
Calculate the remainder when 2535 is divided by 118.
57
What is the remainder when 1208223 is divided by 1384?
1375
What is the remainder when 29530 is divided by 428?
426
Calculate the remainder when 10560 is divided by 24.
0
What is the remainder when 300829 is divided by 207?
58
What is the remainder when 265486 is divided by 26548?
6
Calculate the remainder when 463687 is divided by 1449.
7
Calculate the remainder when 310 is divided by 155.
0
Calculate the remainder when 2946 is divided by 932.
150
Calculate the remainder when 136817 is divided by 661.
651
What is the remainder when 29557 is divided by 9850?
7
What is the remainder when 295359 is divided by 122?
119
Calculate the remainder when 30788 is divided by 238.
86
Calculate the remainder when 6519 is divided by 2017.
468
What is the remainder when 95695 is divided by 343?
341
What is the remainder when 63215 is divided by 9029?
12
Calculate the remainder when 12223 is divided by 8.
7
What is the remainder when 429821 is divided by 18?
17
Calculate the remainder when 148586 is divided by 1415.
11
What is the remainder when 38092 is divided by 150?
142
Calculate the remainder when 909658 is divided by 1534.
1530
Calculate the remainder when 30199 is divided by 9830.
709
What is the remainder when 127372 is divided by 71?
69
What is the remainder when 670238 is divided by 143?
140
Calculate the remainder when 20392 is divided by 340.
332
What is the remainder when 54252 is divided by 335?
317
Calculate the remainder when 22918 is divided by 318.
22
What is the remainder when 1059454 is divided by 496?
494
Calculate the remainder when 184945 is divided by 244.
237
What is the remainder when 3252 is divided by 272?
260
What is the remainder when 4707 is divided by 248?
243
What is the remainder when 4177 is divided by 2943?
1234
Calculate the remainder when 1538 is divided by 207.
89
Calculate the remainder when 890 is divided by 346.
198
Calculate the remainder when 4104 is divided by 62.
12
What is the remainder when 13857 is divided by 6905?
47
What is the remainder when 26125 is divided by 184?
181
Calculate the remainder when 15031 is divided by 623.
79
Calculate the remainder when 8678 is divided by 803.
648
Calculate the remainder when 1378 is divided by 508.
362
Calculate the remainder when 9471 is divided by 9460.
11
What is the remainder when 763 is divided by 248?
19
What is the remainder when 230700 is divided by 1955?
10
Calculate the remainder when 12135 is divided by 240.
135
What is the remainder when 2604 is divided by 148?
88
Calculate the remainder when 143375 is divided by 1175.
25
What is the remainder when 1097 is divided by 491?
115
Calculate the remainder when 2079 is divided by 2033.
46
Calculate the remainder when 10774 is divided by 1539.
1
Calculate the remainder when 56918 is divided by 2111.
2032
What is the remainder when 398119 is divided by 15?
4
What is the remainder when 29915 is divided by 175?
165
What is the remainder when 24794 is divided by 1673?
1372
Calculate the remainder when 61317 is divided by 2665.
22
What is the remainder when 58365 is divided by 14584?
29
Calculate the remainder when 17951 is divided by 997.
5
What is the remainder when 69432 is divided by 406?
6
Calculate the remainder when 26188 is divided by 485.
483
What is the remainder when 330142 is divided by 31?
23
Calculate the remainder when 16616 is divided by 5534.
14
What is the remainder when 7711 is divided by 210?
151
Calculate the remainder when 383071 is divided by 8.
7
Calculate the remainder when 3979 is divided by 580.
499
Calculate the remainder when 143376 is divided by 395.
386
What is the remainder when 97956 is divided by 14?
12
Calculate the remainder when 370298 is divided by 575.
573
Calculate the remainder when 6763 is divided by 38.
37
What is the remainder when 53395 is divided by 96?
19
Calculate the remainder when 2568 is divided by 36.
12
Calculate the remainder when 1674009 is divided by 12.
9
Calculate the remainder when 72909 is divided by 10.
9
Calculate the remainder when 802 is divided by 205.
187
What is the remainder when 13037 is divided by 3256?
13
What is the remainder when 10664 is divided by 820?
4
What is the remainder when 1622 is divided by 7?
5
What is the remainder when 17628 is divided by 5872?
12
Calculate the remainder when 24681 is divided by 24.
9
What is the remainder when 977167 is divided by 71?
65
Calculate the remainder when 1982 is divided by 671.
640
Calculate the remainder when 2489 is divided by 323.
228
What is the remainder when 1772 is divided by 374?
276
What is the remainder when 200385 is divided by 29?
24
Calculate the remainder when 98419 is divided by 1158.
1147
What is the remainder when 12057 is divided by 415?
22
What is the remainder when 2637 is divided by 1249?
139
What is the remainder when 2715 is divided by 1145?
425
Calculate the remainder when 3206418 is divided by 14.
12
What is the remainder when 11107 is divided by 464?
435
What is the remainder when 19995 is divided by 78?
27
Calculate the remainder when 1479 is divided by 93.
84
Calculate the remainder when 13447 is divided by 1120.
7
What is the remainder when 281237 is divided by 8?
5
What is the remainder when 135900 is divided by 9707?
2
Calculate the remainder when 5570 is divided by 876.
314
What is the remainder when 33875 is divided by 73?
3
What is the remainder when 103276 is divided by 541?
486
Calculate the remainder when 8759 is divided by 73.
72
Calculate the remainder when 2718 is divided by 8.
6
Calculate the remainder when 1234007 is divided by 204.
11
Calculate the remainder when 13284 is divided by 156.
24
Calculate the remainder when 1285 is divided by 576.
133
What is the remainder when 6318 is divided by 22?
4
What is the remainder when 626739 is divided by 1256?
1251
Calculate the remainder when 100813 is divided by 54.
49
Calculate the remainder when 105897 is divided by 47.
6
What is the remainder when 4675 is divided by 584?
3
Calculate the remainder when 18884 is divided by 14.
12
What is the remainder when 83999 is divided by 500?
499
Calculate the remainder when 17749 is divided by 182.
95
What is the remainder when 5174 is divided by 33?
26
What is the remainder when 5354 is divided by 335?
329
Calculate the remainder when 16937 is divided by 652.
637
What is the remainder when 15528 is divided by 7762?
4
What is the remainder when 61324 is divided by 1916?
12
What is the remainder when 6666 is divided by 1995?
681
Calculate the remainder when 110509 is divided by 22098.
19
What is the remainder when 118331 is divided by 665?
626
Calculate the remainder when 28608 is divided by 125.
108
What is the remainder when 1719225